in base 2?
-10101111
What is -bd (base 16) in base 3?
-21000
-10111000 (base 2) to base 13
-112
What is -2 (base 7) in base 11?
-2
What is -3a (base 16) in base 10?
-58
-4 (base 15) to base 12
-4
Convert -10 (base 13) to base 9.
-14
What is 13 (base 4) in base 7?
10
203 (base 4) to base 14
27
b (base 15) to base 14
b
Convert -20 (base 14) to base 5.
-103
Convert 42 (base 6) to base 10.
26
Convert -1 (base 10) to base 7.
-1
What is -4 (base 15) in base 7?
-4
What is 1 (base 6) in base 7?
1
Convert 1 (base 16) to base 8.
1
What is 45 (base 16) in base 5?
234
28 (base 12) to base 4
200
-3 (base 6) to base 10
-3
122 (base 3) to base 8
21
-10 (base 4) to base 2
-100
What is 5 (base 6) in base 11?
5
What is 5 (base 9) in base 12?
5
What is 12 (base 3) in base 5?
10
What is 7 (base 12) in base 13?
7
Convert -40 (base 7) to base 10.
-28
What is 2 (base 14) in base 10?
2
What is 40 (base 15) in base 9?
66
-1101111 (base 2) to base 14
-7d
505 (base 6) to base 9
225
-137 (base 8) to base 4
-1133
Convert 11 (base 4) to base 10.
5
Convert -82 (base 9) to base 16.
-4a
What is -3132 (base 4) in base 7?
-435
What is -16 (base 16) in base 8?
-26
Convert 45 (base 8) to base 9.
41
Convert 21 (base 4) to base 16.
9
Convert 10001011 (base 2) to base 7.
256
-62 (base 10) to base 3
-2022
81 (base 9) to base 12
61
Convert -6 (base 16) to base 5.
-11
20 (base 13) to base 8
32
Convert -112 (base 8) to base 9.
-82
What is 30 (base 11) in base 10?
33
Convert -2 (base 9) to base 11.
-2
130 (base 6) to base 7
105
Convert -4a (base 12) to base 2.
-111010
What is 1122 (base 3) in base 9?
48
6 (base 12) to base 4
12
Convert -25 (base 13) to base 9.
-34
115 (base 10) to base 9
137
Convert -124 (base 10) to base 5.
-444
Convert 6 (base 9) to base 12.
6
What is -4 (base 9) in base 10?
-4
-2 (base 6) to base 10
-2
76 (base 10) to base 13
5b
-9d (base 16) to base 12
-111
Convert 2 (base 12) to base 13.
2
What is 41 (base 9) in base 8?
45
What is -a (base 13) in base 11?
-a
Convert -127 (base 8) to base 16.
-57
-29 (base 11) to base 8
-37
-3 (base 4) to base 2
-11
-57 (base 9) to base 14
-3a
Convert -186 (base 9) to base 13.
-c3
Convert -108 (base 12) to base 11.
-129
Convert 0 (base 6) to base 5.
0
What is 10 (base 6) in base 13?
6
Convert -24 (base 12) to base 8.
-34
What is -1a (base 16) in base 13?
-20
-201 (base 3) to base 14
-15
Convert -8 (base 16) to base 15.
-8
Convert 474 (base 9) to base 3.
112111
-1302 (base 4) to base 8
-162
52 (base 6) to base 11
2a
Convert 115 (base 10) to base 6.
311
Convert -1 (base 10) to base 12.
-1
Convert 305 (base 9) to base 15.
118
What is 2 (base 6) in base 15?
2
What is -110 (base 2) in base 11?
-6
2 (base 10) to base 4
2
-36 (base 8) to base 3
-1010
-122 (base 3) to base 4
-101
-26 (base 10) to base 8
-32
Convert -2 (base 15) to base 6.
-2
What is -16 (base 7) in base 4?
-31
What is -2 (base 6) in base 16?
-2
-201 (base 7) to base 4
-1203
72 (base 16) to base 12
96
Convert 23 (base 4) to base 16.
b
Convert -1005 (base 6) to base 11.
-191
Convert -100 (base 2) to base 5.
-4
-27 (base 8) to base 12
-1b
What is 40 (base 5) in base 16?
14
What is -2401 (base 5) in base 6?
-1343
1 (base 11) to base 13
1
Convert 4 (base 10) to base 7.
4
What is 13 (base 14) in base 8?
21
What is 12 (base 14) in base 13?
13
What is 1 (base 9) in base 14?
1
-2 (base 9) to base 13
-2
173 (base 12) to base 4
3213
What is -13 (base 16) in base 3?
-201
What is 77 (base 10) in base 5?
302
What is 3 (base 14) in base 7?
3
1 (base 16) to base 10
1
Convert -2 (base 12) to base 11.
-2
Convert -10 (base 2) to base 10.
-2
What is -14 (base 12) in base 2?
-10000
What is 1 (base 5) in base 7?
1
Convert 2 (base 11) to base 2.
10
Convert 1 (base 15) to base 9.
1
2233 (base 4) to base 13
106
Convert -2010 (base 3) to base 16.
-39
What is 13 (base 6) in base 13?
9
Convert -104 (base 12) to base 2.
-10010100
1 (base 10) to base 12
1
Convert 0 (base 11) to base 4.
0
-1214 (base 6) to base 8
-452
-101000 (base 2) to base 13
-31
What is -2 (base 16) in base 6?
-2
-11112 (base 3) to base 9
-145
What is 3 (base 16) in base 6?
3
52 (base 7) to base 10
37
What is -a5 (base 12) in base 3?
-11122
-22 (base 14) to base 9
-33
44 (base 12) to base 3
1221
-231 (base 5) to base 13
-51
10 (base 9) to base 12
9
-16 (base 11) to base 10
-17
What is -77 (base 14) in base 10?
-105
What is -13 (base 4) in base 13?
-7
2 (base 12) to base 10
2
What is 5 (base 16) in base 7?
5
What is -2110 (base 3) in base 5?
-231
12 (base 14) to base 2
10000
1 (base 8) to base 4
1
-13 (base 8) to base 2
-1011
What is 41 (base 5) in base 4?
111
-1 (base 12) to base 8
-1
-43 (base 11) to base 4
-233
What is 9 (base 11) in base 12?
9
-22 (base 3) to base 5
-13
-2 (base 5) to base 12
-2
What is -34 (base 9) in base 8?
-37
Convert 111 (base 3) to base 12.
11
What is 32 (base 5) in base 8?
21
Convert -3 (base 14) to base 7.
-3
What is e3 (base 16) in base 8?
343
-233 (base 4) to base 8
-57
Convert 180 (base 10) to base 9.
220
What is -1 (base 7) in base 11?
-1
Convert 49 (base 15) to base 7.
126
-2 (base 16) to base 3
-2
-110 (base 2) to base 13
-6
0 (base 7) to base 5
0
What is -1 (base 5) in base 6?
-1
Convert -101 (base 3) to base 8.
-12
What is 52 (base 7) in base 2?
100101
0 (base 15) to base 6
0
Convert 1 (base 7) to base 16.
1
What is 18 (base 11) in base 16?
13
What is 3 (base 14) in base 11?
3
Convert 12102 (base 3) to base 4.
2102
What is 2 (base 4) in base 8?
2
What is 1 (base 8) in base 16?
1
-22 (base 14) to base 4
-132
0 (base 7) to base 11
0
Convert -10 (base 4) to base 12.
-4
What is -15 (base 11) in base 8?
-20
Convert 3 (base 9) to base 6.
3
Convert 26 (base 10) to base 4.
122
11011 (base 3) to base 12
94
Convert -1b (base 12) to base 11.
-21
What is -3 (base 15) in base 2?
-11
What is 3 (base 13) in base 10?
3
1 (base 8) to base 7
1
-12 (base 4) to base 7
-6
What is -23 (base 7) in base 6?
-25
Convert -42 (base 11) to base 10.
-46
Convert -147 (base 10) to base 3.
-12110
-4 (base 12) to base 16
-4
Convert 244 (base 9) to base 16.
ca
Convert 117 (base 9) to base 6.
241
What is -31 (base 15) in base 4?
-232
Convert -18 (base 16) to base 6.
-40
What is -80 (base 11) in base 5?
-323
5 (base 9) to base 14
5
Convert -3d (base 15) to base 5.
-213
-110100 (base 2) to base 12
-44
Convert -4 (base 13) to base 11.
-4
32 (base 11) to base 3
1022
Convert -156 (base 9) to base 4.
-2010
What is -56 (base 14) in base 11?
-6a
What is -10001100 (base 2) in base 7?
-260
-321 (base 5) to base 12
-72
What is -1 (base 11) in base 9?
-1
6 (base 16) to base 5
11
7 (base 16) to base 15
7
What is 3 (base 6) in base 9?
3
45 (base 8) to base 5
122
-43 (base 5) to base 2
-10111
Convert 74 (base 12) to base 15.
5d
0 (base 2) to base 3
0
1013 (base 4) to base 2
1000111
1 (base 13) to base 15
1
Convert -3 (base 4) to base 6.
-3
10020 (base 3) to base 12
73
1d (base 15) to base 4
130
-5 (base 14) to base 12
-5
-22 (base 4) to base 16
-a
Convert -1 (base 10) to base 3.
-1
101 (base 6) to base 10
37
What is 143 (base 7) in base 4?
1100
b (base 15) to base 5
21
1 (base 7) to base 6
1
-11 (base 12) to base 9
-14
4 (base 11) to base 14
4
Convert 1 (base 9) to base 3.
1
What is -31 (base 6) in base 7?
-25
-12 (base 4) to base 9
-6
What is -1 (base 3) in base 6?
-1
Convert -4 (base 5) to base 10.
-4
0 (base 16) to base 8
0
Convert c (base 16) to base 8.
14
-48 (base 9) to base 4
-230
What is 5c (base 15) in base 2?
1010111
Convert -31 (base 12) to base 9.
-41
Convert -6 (base 8) to base 14.
-6
Convert -141 (base 12) to base 10.
-193
Convert 30 (base 7) to base 3.
210
Convert -54 (base 12) to base 15.
-44
-116 (base 8) to base 10
-78
What is -11 (base 10) in base 3?
-102
What is 1 (base 6) in base 7?
1
Convert -13 (base 8) to base 10.
-11
Convert -4 (base 12) to base 11.
-4
Convert 111100 (base 2) to base 3.
2020
What is 3 (base 4) in base 13?
3
What is 203 (base 6) in base 16?
4b
What is -30 (base 4) in base 3?
-110
0 (base 11) to base 8
0
Convert -2 (base 12) to base 9.
-2
Convert -b (base 12) to base 2.
-1011
Convert 7 (base 9) to base 5.
12
What is -15 (base 9) in base 10?
-14
-422 (base 6) to base 5
-1113
What is -132 (base 5) in base 11?
-39
-1020 (base 3) to base 12
-29
Convert -1d (base 15) to base 7.
-40
26 (base 11) to base 2
11100